{"id":2,"date":"2023-01-15T15:29:22","date_gmt":"2023-01-15T15:29:22","guid":{"rendered":"http:\/\/guneshirdavat.com.tr\/?page_id=2"},"modified":"2023-01-16T11:56:40","modified_gmt":"2023-01-16T08:56:40","slug":"sample-page","status":"publish","type":"page","link":"http:\/\/guneshirdavat.com.tr\/index.php\/sample-page\/","title":{"rendered":"G\u00fcne\u015f H\u0131rdavat"},"content":{"rendered":"\n<pre id=\"tw-target-text\" class=\"wp-block-preformatted\"><strong>Adres:<\/strong>Ere\u011fli Caddesi No: 44\/13   06160    Siteler\/Ankara\n\n<strong>Tel:<\/strong>+90 312 353 41 42 - +90 312 353 23 53\n\n<strong>E-mail:<\/strong>info@guneshirdavat.com.tr<\/pre>\n\n\n\n<figure class=\"wp-block-image size-large\"><img loading=\"lazy\" decoding=\"async\" width=\"20\" height=\"20\" src=\"http:\/\/guneshirdavat.com.tr\/wp-content\/uploads\/2023\/01\/image-9-20x20.png\" alt=\"\" class=\"wp-image-23\"\/><\/figure>\n\n\n\n<blockquote class=\"wp-block-quote is-layout-flow wp-block-quote-is-layout-flow\">\n<pre id=\"tw-target-text\" class=\"wp-block-preformatted\">Y\u0131llard\u0131r sa\u011flad\u0131\u011f\u0131m\u0131z mobilya imalat malzemeleri konusunda s\u00fcregelen tecr\u00fcbelerimiz \u0131\u015f\u0131\u011f\u0131nda binlerce stok, y\u00fczlerce markan\u0131n \u00fcr\u00fcnleri ile sizlere hizmet sunmaktay\u0131z.<\/pre>\n\n\n\n<figure class=\"wp-block-image size-large\"><img loading=\"lazy\" decoding=\"async\" width=\"20\" height=\"20\" src=\"http:\/\/guneshirdavat.com.tr\/wp-content\/uploads\/2023\/01\/image-10-20x20.png\" alt=\"\" class=\"wp-image-24\"\/><\/figure>\n<\/blockquote>\n\n\n\n<figure class=\"wp-block-image size-large\"><img loading=\"lazy\" decoding=\"async\" width=\"20\" height=\"20\" src=\"http:\/\/guneshirdavat.com.tr\/wp-content\/uploads\/2023\/01\/image-11-20x20.png\" alt=\"\" class=\"wp-image-26\"\/><\/figure>\n\n\n\n<p><\/p>\n","protected":false},"excerpt":{"rendered":"<p>Adres:Ere\u011fli Caddesi No: 44\/13 06160 Siteler\/Ankara Tel:+90 312 353 41 42 &#8211; +90 312 353 23 53 E-mail:info@guneshirdavat.com.tr<\/p>\n","protected":false},"author":1,"featured_media":0,"parent":0,"menu_order":0,"comment_status":"closed","ping_status":"open","template":"","meta":{"footnotes":""},"class_list":["post-2","page","type-page","status-publish"],"_links":{"self":[{"href":"http:\/\/guneshirdavat.com.tr\/index.php\/wp-json\/wp\/v2\/pages\/2","targetHints":{"allow":["GET"]}}],"collection":[{"href":"http:\/\/guneshirdavat.com.tr\/index.php\/wp-json\/wp\/v2\/pages"}],"about":[{"href":"http:\/\/guneshirdavat.com.tr\/index.php\/wp-json\/wp\/v2\/types\/page"}],"author":[{"embeddable":true,"href":"http:\/\/guneshirdavat.com.tr\/index.php\/wp-json\/wp\/v2\/users\/1"}],"replies":[{"embeddable":true,"href":"http:\/\/guneshirdavat.com.tr\/index.php\/wp-json\/wp\/v2\/comments?post=2"}],"version-history":[{"count":4,"href":"http:\/\/guneshirdavat.com.tr\/index.php\/wp-json\/wp\/v2\/pages\/2\/revisions"}],"predecessor-version":[{"id":50,"href":"http:\/\/guneshirdavat.com.tr\/index.php\/wp-json\/wp\/v2\/pages\/2\/revisions\/50"}],"wp:attachment":[{"href":"http:\/\/guneshirdavat.com.tr\/index.php\/wp-json\/wp\/v2\/media?parent=2"}],"curies":[{"name":"wp","href":"https:\/\/api.w.org\/{rel}","templated":true}]}}